 the remainder when 4055965 is divided by 9941.
37
What is the remainder when 44748909 is divided by 78?
75
Calculate the remainder when 785135 is divided by 392561.
13
What is the remainder when 1380750 is divided by 419?
145
Calculate the remainder when 5532899 is divided by 12.
11
Calculate the remainder when 962589 is divided by 2865.
2814
What is the remainder when 2047586 is divided by 725?
186
Calculate the remainder when 113481 is divided by 37729.
294
What is the remainder when 12855022 is divided by 3052?
3050
Calculate the remainder when 36610 is divided by 932.
262
What is the remainder when 961425 is divided by 26699?
261
Calculate the remainder when 438049 is divided by 146002.
43
What is the remainder when 20771363 is divided by 765?
83
What is the remainder when 1861720 is divided by 4342?
3344
Calculate the remainder when 320402 is divided by 45737.
243
What is the remainder when 702627 is divided by 1150?
1127
What is the remainder when 58439 is divided by 58253?
186
Calculate the remainder when 950793 is divided by 31513.
5403
What is the remainder when 13803765 is divided by 87?
84
Calculate the remainder when 537555 is divided by 2117.
1954
What is the remainder when 120248 is divided by 334?
8
What is the remainder when 50593 is divided by 230?
223
Calculate the remainder when 934191 is divided by 6971.
77
Calculate the remainder when 101512 is divided by 1012.
312
Calculate the remainder when 240053 is divided by 122.
79
Calculate the remainder when 3417973 is divided by 6.
1
What is the remainder when 13828 is divided by 7915?
5913
What is the remainder when 3479029 is divided by 78?
73
What is the remainder when 752436 is divided by 8268?
48
Calculate the remainder when 2963663 is divided by 2963639.
24
What is the remainder when 3256643 is divided by 1085030?
1553
Calculate the remainder when 198945 is divided by 1729.
110
Calculate the remainder when 9290033 is divided by 49415.
13
What is the remainder when 9368173 is divided by 147?
10
What is the remainder when 273161 is divided by 110?
31
Calculate the remainder when 641170673 is divided by 206.
205
What is the remainder when 89752715 is divided by 31?
27
What is the remainder when 410095 is divided by 136?
55
Calculate the remainder when 114858 is divided by 568.
122
Calculate the remainder when 101224494 is divided by 5.
4
Calculate the remainder when 176469 is divided by 16039.
40
Calculate the remainder when 257644 is divided by 1788.
172
What is the remainder when 161557 is divided by 2350?
1757
Calculate the remainder when 30353 is divided by 330.
323
Calculate the remainder when 11997152 is divided by 81.
80
What is the remainder when 100341 is divided by 5?
1
Calculate the remainder when 6327941 is divided by 950.
941
Calculate the remainder when 3886849 is divided by 102285.
19
Calculate the remainder when 122852 is divided by 20300.
1052
What is the remainder when 1283479 is divided by 320854?
63
What is the remainder when 10342921 is divided by 3447632?
25
Calculate the remainder when 5773995 is divided by 65613.
51
Calculate the remainder when 376600 is divided by 93839.
1244
What is the remainder when 80465 is divided by 26788?
101
Calculate the remainder when 40325362 is divided by 178.
174
Calculate the remainder when 563054 is divided by 2605.
374
Calculate the remainder when 1929435 is divided by 385867.
100
Calculate the remainder when 1693450 is divided by 197.
38
What is the remainder when 410991 is divided by 1226?
281
What is the remainder when 7493301 is divided by 7?
4
What is the remainder when 372029 is divided by 408?
341
What is the remainder when 59139177 is divided by 15?
12
What is the remainder when 10413482 is divided by 2008?
2002
Calculate the remainder when 4138751 is divided by 35.
1
Calculate the remainder when 49035600 is divided by 77.
75
What is the remainder when 29915 is divided by 776?
427
What is the remainder when 4101771 is divided by 421?
389
Calculate the remainder when 108997974 is divided by 70.
64
Calculate the remainder when 10254605 is divided by 728.
725
Calculate the remainder when 215655 is divided by 7185.
105
What is the remainder when 486161 is divided by 6006?
5681
What is the remainder when 262501893 is divided by 519?
516
Calculate the remainder when 43443 is divided by 224.
211
Calculate the remainder when 12165 is divided by 1938.
537
What is the remainder when 854749 is divided by 284910?
19
Calculate the remainder when 20879426 is divided by 18659.
5
What is the remainder when 96650 is divided by 48044?
562
What is the remainder when 4619432 is divided by 659916?
20
What is the remainder when 1245846 is divided by 35?
21
Calculate the remainder when 47142644 is divided by 2585.
2584
What is the remainder when 6049591 is divided by 47?
33
Calculate the remainder when 23107887 is divided by 11553891.
105
Calculate the remainder when 334883 is divided by 111148.
1439
What is the remainder when 48372398 is divided by 16124122?
32
Calculate the remainder when 16081331 is divided by 204.
11
What is the remainder when 233635 is divided by 186?
19
What is the remainder when 46848837 is divided by 220985?
17
What is the remainder when 3901784 is divided by 1300589?
17
What is the remainder when 3322049 is divided by 3683?
3666
What is the remainder when 5972 is divided by 249?
245
What is the remainder when 154962 is divided by 51609?
135
What is the remainder when 1726308 is divided by 261?
54
Calculate the remainder when 1436795 is divided by 4013.
141
What is the remainder when 143598 is divided by 143573?
25
Calculate the remainder when 437403 is divided by 2662.
835
Calculate the remainder when 1761329 is divided by 352262.
19
Calculate the remainder when 13535014 is divided by 2456.
2454
Calculate the remainder when 33105837 is divided by 209.
28
Calculate the remainder when 383573 is divided by 876.
761
Calculate the remainder when 2950991 is divided by 36.
35
Calculate the remainder when 611000 is divided by 100.
0
What is the remainder when 2902482 is divided by 403?
76
What is the remainder when 34129964 is divided by 568?
548
What is the remainder when 208852 is divided by 1242?
196
Calculate the remainder when 986430 is divided by 493195.
40
Calculate the remainder when 67224 is divided by 11062.
852
What is the remainder when 45053 is divided by 4958?
431
What is the remainder when 131136 is divided by 32724?
240
What is the remainder when 1212280 is divided by 606079?
122
Calculate the remainder when 3669245 is divided by 32.
29
What is the remainder when 1714553 is divided by 240?
233
What is the remainder when 8543453 is divided by 32?
29
Calculate the remainder when 19014697 is divided by 34.
27
Calculate the remainder when 1212802 is divided by 171.
70
Calculate the remainder when 570721 is divided by 190160.
241
Calculate the remainder when 81337 is divided by 215.
67
What is the remainder when 555564 is divided by 1955?
344
Calculate the remainder when 1678852558 is divided by 220.
218
What is the remainder when 5650039 is divided by 256816?
87
Calculate the remainder when 783317 is divided by 2535.
2
What is the remainder when 186887 is divided by 336?
71
Calculate the remainder when 394100614 is divided by 518.
516
What is the remainder when 115051 is divided by 541?
359
What is the remainder when 11007697 is divided by 444?
49
What is the remainder when 13662914 is divided by 13?
5
Calculate the remainder when 867112 is divided by 7475.
12
Calculate the remainder when 327037 is divided by 13958.
6003
What is the remainder when 3964379 is divided by 8732?
51
Calculate the remainder when 16480495 is divided by 2315.
10
What is the remainder when 2787305 is divided by 1393619?
67
Calculate the remainder when 1799612 is divided by 227.
183
Calculate the remainder when 4942149 is divided by 941.
17
Calculate the remainder when 7690479 is divided by 496.
495
Calculate the remainder when 19380065 is divided by 68.
65
Calculate the remainder when 5055241 is divided by 53210.
291
Calculate the remainder when 25303720 is divided by 1150169.
2
What is the remainder when 348655 is divided by 597?
7
What is the remainder when 501585 is divided by 123938?
5833
Calculate the remainder when 302